0 = j - 1. Calculate the highest common factor of c and 2074.
34
Suppose -3 + 7 = 2*w + 2*y, 2*w - 2*y = 20. Suppose 0 = -25*s + 22*s + w. What is the greatest common divisor of s and 2?
2
Let g(x) = 7*x + 47. Let i be g(-6). Suppose 159 = d + 3*d + i*b, 2*b = d - 30. Calculate the greatest common divisor of d and 6.
6
Let b(r) be the second derivative of r**5/20 + r**4 + 19*r**3/6 + 5*r**2/2 + 19*r. Let w be b(-10). What is the greatest common divisor of 60 and w?
15
Let o be 0 - (-351)/(6/2). Let a = 575 + -566. What is the greatest common factor of a and o?
9
Suppose 0 = -z + 6*z. Suppose 2*k - 23*s - 57 = -18*s, -2*s = 10. Suppose z = 20*m - k*m - 360. What is the highest common divisor of 10 and m?
10
Suppose -q - c + 1931 = 0, -11*c = -9*c + 10. Suppose -70*a + q = -26*a. What is the greatest common divisor of 418 and a?
22
Let a = -3607 + 3621. What is the greatest common divisor of a and 189?
7
Suppose 1814 = 63*w - 884 - 11. Calculate the greatest common factor of w and 8.
1
Let m = -205 - -210. Suppose y + y - 1626 = -4*c, -807 = -2*c + m*y. Calculate the highest common divisor of c and 14.
14
Suppose 0 = -28*m + 38*m - 320. Let u be 168/15 + m/40. Calculate the highest common divisor of 33 and u.
3
Suppose -267*t + 3143 = -4333. Calculate the highest common factor of 3556 and t.
28
Suppose -2*x - 3*h = -48 - 1158, -2*h + 3037 = 5*x. What is the greatest common divisor of 14 and x?
7
Let t be (1 - 6798/(-27)) + (-141)/(-27) + -5. Suppose -44 = -5*v + v. Calculate the greatest common factor of t and v.
11
Let m(d) = -5 + 11*d**2 + d + 0*d + d + 2*d. Suppose -2*u - 9 = -j + 2, -u = -2*j + 10. Let g be m(u). Calculate the highest common divisor of g and 62.
31
Let q be -3*(-44)/6 + 18542. What is the highest common divisor of q and 119?
119
Let o = 1504 - 1471. What is the greatest common factor of 8943 and o?
33
Let o(q) = -374*q**3 + 4*q**2 - 4*q + 1. Let n be o(1). Let t = n - -733. What is the highest common divisor of t and 36?
36
Let i(p) = 8*p**2 + 3 + 184*p**3 + 9*p - 183*p**3 + 0*p**2 + 0*p**2. Let j be i(-6). Calculate the highest common divisor of j and 42.
21
Suppose 0 = -4*z + 5*x + 8374, 4*z + 2*x = 2179 + 6153. Calculate the highest common divisor of z and 154.
14
Let o = 6113 - 2814. Suppose -o = -18*k + 481. Calculate the highest common factor of 30 and k.
30
Suppose l = m + 4 + 8, 2*m = 3*l - 36. Suppose 4*j + 10 = g, 0 = l*g - 7*g - 2*j - 50. Calculate the highest common divisor of 65 and g.
5
Let j = -15 + 96. Suppose -2*i - 245 = -3*l, -5*i - 1427 + 1260 = -2*l. What is the highest common factor of j and l?
81
Let z(a) be the second derivative of a**4/12 + 2*a**3/3 + 9*a**2/2 + 8*a. Let y be z(-4). Let j = 48 + y. What is the greatest common factor of 38 and j?
19
Let k(f) = 20*f + 4. Let j be k(3). Suppose -t = -2*s + 42, t = 3*s - 0*t - j. Let v be 108*(-14)/42 - -102. What is the highest common divisor of s and v?
22
Let y = -499 - -497. Let m be -9 + 22 + (-2 + y - -1). Calculate the greatest common divisor of m and 610.
10
Suppose 0 = 5*s + 2*z - 795, 222*s - 218*s - 636 = 2*z. What is the greatest common divisor of 75 and s?
3
Let k(v) = -110*v + 2. Let t be k(-1). Suppose 2*n + t = 5*x, -5*x + 62 + 51 = -3*n. What is the highest common factor of x and 33?
11
Let z(n) = n**3 - 30*n**2 + 82*n - 677. Let l be z(28). Calculate the greatest common factor of l and 85.
17
Let c = 66 + -69. Let h be (-3)/(c/(-4)*(-2)/35). Suppose 5*x - 20 - h = 0. What is the highest common factor of 2 and x?
2
Suppose 5*q + 2*j - 203 = 0, 4*q + 4*j - 6*j = 166. Suppose -q*v = -43*v + 84. What is the highest common factor of v and 49?
7
Let p(q) = -q**2 - 8*q + 42. Let b be p(0). Suppose 77*k - 8*k = 1932. What is the greatest common divisor of b and k?
14
Suppose -111 + 1 = -5*r. Let y be 143/26 - 1/2. Let l(b) = 3*b + 7. Let x be l(y). Calculate the greatest common factor of r and x.
22
Let g(m) = 49*m + 1204. Let v be g(-24). Calculate the greatest common divisor of v and 14700.
28
Suppose -5*v = -7*b + 86 + 227, 0 = 5*b - 4*v - 224. What is the greatest common factor of b and 5478?
22
Let s = -350 - -386. Suppose -4*b = -5*k - 41 + 5, -2*b = 2*k - s. What is the greatest common divisor of b and 854?
14
Let w = 18662 - 14977. Calculate the highest common factor of 55 and w.
55
Suppose 128*f - 2227 = 2637. What is the highest common divisor of f and 342?
38
Suppose -o + 80 = -5*y, 3*y + 274 + 236 = 5*o. Suppose o = -2*b + 621. What is the highest common divisor of b and 6?
6
Let z = -13364 + 13524. Suppose 0 = -5*l + 15 + 10. Suppose l*j = 2*y - 35, 5*j - 8 = -2*y + j. Calculate the highest common divisor of y and z.
10
Suppose y - 128 + 124 = 0. Suppose -u = -a, y*u - 9*a + 10*a = 10. Suppose -60 = g - u*g. What is the greatest common factor of 80 and g?
20
Let h be ((-2 - 1) + 0)/(147/(-784)). Suppose 3*x - h = 851. Calculate the greatest common factor of 17 and x.
17
Let v(l) = l**2 - 73*l + 722. Let r be v(63). What is the greatest common divisor of 2461 and r?
23
Suppose -z = 20*z - 11545 - 90179. Calculate the greatest common divisor of z and 7.
7
Suppose -3*n + 5*h = -52 - 12, -3*h - 64 = -5*n. What is the highest common divisor of 7348 and n?
4
Let o(r) = 12*r + 4. Let i(t) = -t + 1. Let s(f) = -6*i(f) + o(f). Let m = -1 - -2. Let u be s(m). What is the highest common divisor of 24 and u?
8
Let j(t) = t**2 + 3*t - 17. Let g be j(-5). Let l be (25 + -9)/((-2)/g). Suppose c + 24 = l. Calculate the highest common divisor of c and 48.
16
Let s = 12 + 21. Suppose 5*n = -3*w + 71, 2*w + 0*w - 2*n - 42 = 0. Calculate the highest common factor of w and s.
11
Let n(x) = -3*x + 53. Let r be n(16). Suppose r*l = 12*l - 210. Calculate the highest common divisor of l and 35.
5
Let u be 5 + (-7 - 0/(-3)). Let c be (182/52)/(u/(-12)). Let j(t) = 3*t**2 + 4*t - 4. Let a be j(-4). Calculate the greatest common divisor of c and a.
7
Suppose 38*q = 4994 + 1870 + 52. Calculate the highest common factor of 884 and q.
26
Suppose -6*v = 21*v - 7*v - 9280. What is the highest common divisor of v and 29?
29
Suppose 29*d + 48 = 25*d. Let q(s) = s**3 + 14*s**2 + 12*s. Let c be q(d). Suppose 24 = 3*k - 24. Calculate the highest common divisor of k and c.
16
Suppose 49*m - 338 = -2*i + 50*m, i + 4*m - 187 = 0. Calculate the greatest common divisor of 270 and i.
9
Let c(i) = -i**2 + 7*i + 60. Let m be c(-5). Suppose 4*p - 1420 = -3*s, -4*p + m*p = -4*s + 1940. Calculate the greatest common divisor of 30 and s.
30
Let y(h) = 61*h + 68*h + 69*h - 213*h + 9. Let m be y(-5). Calculate the highest common factor of m and 36.
12
Let j(m) = 51*m**2 + 75*m - 729. Let x be j(8). Calculate the greatest common factor of 11 and x.
11
Suppose -14*d = -9*d. Suppose -36 = 3*k - d*k. Let w be (k/(-5))/(22/825). Calculate the highest common divisor of w and 10.
10
Let f(u) = -212*u - 6100. Let m be f(-29). Calculate the highest common divisor of m and 606.
6
Let j = 2287 + -1853. What is the highest common divisor of j and 56?
14
Suppose -232*y + 227*y + 3*a = -235, 0 = -y + 3*a + 59. What is the highest common divisor of 5357 and y?
11
Suppose -10*w + 342 = 102. Let y be -2 - (-765)/w - (-3)/24. Calculate the greatest common divisor of y and 340.
10
Let v = 89 - -307. Let u = 1 - 4. Let l be ((-12)/u)/((-2)/(-18)). What is the greatest common factor of l and v?
36
Suppose -2*u + 4*q = -5*u + 17, -4*q = -3*u + 49. Let f(s) = 5 - 7*s + s**2 + u*s - s. Let o be f(-3). Calculate the highest common divisor of o and 80.
5
Let b = 2579 + -2543. What is the greatest common factor of 13122 and b?
18
Suppose -4*a - a + 400 = 0. Suppose 0 = -4*i - 2*s + 97 - 9, -3*s - 6 = 0. Let g(b) = -3*b + 79. Let t be g(i). Calculate the greatest common factor of a and t.
10
Let l be 11/1 + 16/(-2). Suppose -3*d - 300 = -7*a + 6*a, l*d = 0. Calculate the greatest common factor of 12 and a.
12
Suppose -229 = -18*p + 1823. Suppose -3*c = 3*z - p, -4*z - 2 + 163 = -5*c. What is the highest common factor of 169 and z?
13
Let p be 30/(-4)*8/(-6). Suppose 636*r = 623*r + 1573. Suppose 19*j = -r + 596. What is the greatest common factor of p and j?
5
Let q(s) = -34*s**2 + 2*s - 1. Let j be q(1). Let c = 44 + j. What is the highest common factor of 341 and c?
11
Suppose 28*i = 24767 - 10151. Let 